 5
List the prime factors of 2/(-4) - (-1 - 195/6).
3, 11
Suppose -4*w - 2*p + 750 = 0, -268 - 98 = -2*w - 4*p. List the prime factors of w.
3, 7
Let x(a) = a**2 + a. Let k be x(1). Let m be 1/(k/22)*-8. What are the prime factors of m/(-10) - 3/(-15)?
3
Let c = -15 - -52. What are the prime factors of c?
37
Let p = -5 + 6. Let z be (p/2)/(3/(-48)). What are the prime factors of (-102)/z - 1/(-4)?
13
Suppose 2*x + 4*a = -8, -3*a - 21 = -x - 0*a. Suppose 1 = 3*d + 7, w = 2*d + x. Let c(k) = -k**2 + 6*k - 3. List the prime factors of c(w).
5
Let c(u) = u**3 + u**2 - u + 7. Let o be 0 - (2 + (-6)/3). What are the prime factors of c(o)?
7
Let v be 1/4*-2*-4. Suppose 5*m = -0*m + v*c + 20, c - 3 = -4*m. Suppose -m*s - 48 = -5*z, -z + 10 = 3*s - 3. What are the prime factors of z?
2, 5
Suppose 4*v = -5*j + v + 564, 0 = -5*j + 3*v + 546. Let u = j + -77. List the prime factors of u.
2, 17
Let j(g) = -6*g + 11. Let z(a) = -3*a + 5. Let f(h) = 6*j(h) - 11*z(h). Let s(b) = 2*b - 7. Let k(q) = 5*f(q) + 8*s(q). What are the prime factors of k(5)?
2
Let z(m) = m**3 + 4*m**2 + 6*m - 2. Let n be z(-5). Let x = -34 - n. List the prime factors of x.
23
Suppose -6*d = -4*d. Suppose d = -5*r + 6 + 9. List the prime factors of (7*1)/(r + -2).
7
Suppose 0 = -4*d + 3*f + 10, 4*d + 2*f + 0*f = 20. Suppose 2*n = -2*p + 22, d*n - 3*p - 1 = 22. What are the prime factors of n?
2
Let g(b) = b**3 - 8*b**2 + b + 2. Suppose -11 = f - 45. Suppose 3*w - 5*j = 49, w = 4*w - 2*j - f. List the prime factors of g(w).
2, 5
Suppose -85 = -7*i + 2*i. Suppose -b = -i - 5. What are the prime factors of b?
2, 11
Let r(k) = -k**2 - 5 - 3*k**2 + 3*k**2 + 9*k. Let c be r(8). Suppose -4*i - w + 56 = -c*w, 20 = 2*i - 3*w. What are the prime factors of i?
2
Let q(f) = -2*f + 3. Let a be q(5). Let j(t) = 2*t + 7. Let m be j(a). What are the prime factors of (0 + -1)*(m - 2)?
3
Suppose 32 = 2*r - r. Suppose -4*s = -s - 6. What are the prime factors of s/5 - r/(-20)?
2
Let h(n) = -4*n + 3 + 3 + 0. Let s(k) = k - 1. Let c(x) = -h(x) - 5*s(x). What are the prime factors of c(-4)?
3
Suppose 5*o + 47 = 12. Let r = 10 - o. What are the prime factors of r?
17
Suppose -1557 = -10*u + 783. List the prime factors of u.
2, 3, 13
Suppose -5*q - 5*g = 55, 2*g + 0*g = 3*q + 8. Let j = q - -10. Suppose -t + 0*t - 63 = -j*i, 3*t - 3 = 0. What are the prime factors of i?
2
Let p(u) = u**2 + 8*u + 6. Let c be p(-6). List the prime factors of c/9 + 26/3.
2
Suppose -5*t - j + 90 = -101, -t + j = -43. List the prime factors of t.
3, 13
Let b(z) = z**2 - 10*z + 13. Suppose -53 = -5*r + 4*a, a + a = r - 13. List the prime factors of b(r).
2
Suppose 2*p + 4*n + 6 = 0, 0 = -2*p - 3*n - 1 - 8. Let l be (p/(-3))/((-6)/(-4)). What are the prime factors of ((-15)/l)/((-3)/4)?
2, 5
Let q(j) = 2*j**3 - j**2 - 1. What are the prime factors of q(6)?
5, 79
Let c = -6 + 4. Let g = c + 7. Suppose 2 = -3*y + 3*q - 4, -y - 18 = -g*q. List the prime factors of y.
2
Suppose 0*s - 1635 = -15*s. What are the prime factors of s?
109
Let z(s) be the first derivative of -s**3/3 + 3*s**2/2 + 3*s - 2. Let y be z(3). Suppose -4*b + 5*r = -23, -9 = -y*b + 5*r + 2. What are the prime factors of b?
2, 3
Let q = -6 - -11. Suppose q*o + 70 = 2*b, b + 5 = -o + 26. List the prime factors of b.
5
Let b(c) = -3*c + 13 + c**2 + c + 4*c - c. What are the prime factors of b(0)?
13
Let m(h) = h - 5. Let t be 20 + (-1)/(1/2). Let d = t - 11. List the prime factors of m(d).
2
Let w(t) = t + 4. Let q be w(0). Suppose -y - 14 = 5*u, 0*u - q*y = 3*u + 5. Let c = u + 5. What are the prime factors of c?
2
Let j be -9 - -18 - (-6)/(-2). List the prime factors of (0 + 12)/(j/8).
2
Let v(k) = k - 2. Let x be v(7). Let c(t) = t**2 - 3*t + 3. List the prime factors of c(x).
13
Let z(u) = -8*u**3 - u**2 - 25*u**3 - u**2 - 2*u - 1. Let o be z(-1). Suppose o = 2*i - 12. What are the prime factors of i?
2, 11
Suppose j + 24 = -5*t, 4*j + 2*t + 2 = -4. Let h = j - -2. What are the prime factors of h?
3
Let y = -7 - -7. Suppose 0 = -2*f - 3*g + 6, 4*f + y*g = g + 26. Suppose -30 = -t + 5*r, r = 3*t + f*r - 30. List the prime factors of t.
3, 5
Let y = 142 - 33. What are the prime factors of y?
109
Suppose o - 5*x = 117, -x - 2*x = 5*o - 697. List the prime factors of o.
137
Let f = 2 - -12. Let i = -2 + f. List the prime factors of i.
2, 3
Suppose 160 = 3*q - 155. List the prime factors of q.
3, 5, 7
Suppose -b + 254 = -3*m, 6 = -b + 4*b. Let g = -36 - m. List the prime factors of g.
2, 3
Let u be ((-47)/(-3))/(1/(-3)). Let j be -2*1/2*u. Suppose -3*f + 8 = 5*d - j, 5*d - 5*f - 15 = 0. List the prime factors of d.
2
Let d(u) = -u**3 - u**2 - 2. Suppose -2*p + k - 1 = -0, -2*p = 5*k + 19. Let x be d(p). Suppose 0 + 6 = x*c. What are the prime factors of c?
3
Let s(d) = 16*d**3 - 41*d**2 - 5*d + 1. Let t(i) = -3*i**3 + 8*i**2 + i. Let m(a) = 2*s(a) + 11*t(a). What are the prime factors of m(6)?
2
Let j(k) = 24*k**3 + 1. Suppose 0 = -4*l + 1 + 3. What are the prime factors of j(l)?
5
Let u = 13 - 6. Let y(p) = 3 + 2 + 0 + p. What are the prime factors of y(u)?
2, 3
Let t(y) = y**3 + 12*y**2 - 16*y - 17. What are the prime factors of t(-13)?
2, 11
Suppose -1 = 3*o - 100. Let q = o + -12. Suppose 0 = s - 4*s + q. What are the prime factors of s?
7
Let b = 66 - -22. What are the prime factors of b?
2, 11
List the prime factors of ((-6)/(-4))/(6/32).
2
Suppose 0 = -3*s + 3*a + 465, 3*s = -2*s + 4*a + 773. List the prime factors of s.
3, 17
Let x(n) = 8*n + 2. Let b(p) = -p**2 + 8*p + 4. Let g be b(8). List the prime factors of x(g).
2, 17
Suppose -2*r = -6 - 36. What are the prime factors of (-38)/(-7) - r/49?
5
Let q be (4 - -6)*56/10. Let p = q + -7. List the prime factors of p.
7
Let o = 92 + 138. What are the prime factors of o?
2, 5, 23
Let k(v) = -v + 1. Let c be k(-9). What are the prime factors of (-142)/(-10) + (-2)/c?
2, 7
Suppose -5*r + 16 = -2*v, v - 22 = -6*r + r. Let w be 90/(-12)*r/3. Let b = -1 - w. What are the prime factors of b?
3
Suppose 0 = 2*h, 4*k = h + 275 - 35. What are the prime factors of k?
2, 3, 5
Suppose -5*v = 80 - 0. Let l = -100 + 71. Let h = v - l. List the prime factors of h.
13
Let i(h) = -7*h - 5. What are the prime factors of i(-5)?
2, 3, 5
Let t be 1/3 + 92/(-6). Let n = t + 52. What are the prime factors of n?
37
Let k(t) = -t**2 - 3*t + 2. Let q be k(-3). Suppose -6 = -2*i, q*y - 4*i = -14 + 40. List the prime factors of y.
19
Let x(d) = -d**3 - d + 2. Let l be x(-3). Suppose 3*h + 6 = 0, -4*h + 20 + l = 5*y. What are the prime factors of y?
2, 3
Suppose 81*r = 86*r - 280. What are the prime factors of r?
2, 7
Let g be 2/9 - (-187)/9. Let d = g + -2. List the prime factors of d.
19
Suppose h - 2*h = 7. Let f = -3 + -7. Let v = h - f. What are the prime factors of v?
3
Let b be (23/(-3))/((-2)/(-6)). Let u = -8 - b. What are the prime factors of u?
3, 5
Let m = 2 - 0. Let x be -3 + 4 + (2 - 0). List the prime factors of x + -2 + 2/m.
2
Suppose 31 + 50 = 3*b. What are the prime factors of b?
3
Let h be 216/16 + (-2)/(-4). Let u = h - 5. List the prime factors of u.
3
Suppose a + g = 2 + 5, 20 = -5*g. Suppose 0 = -3*n + a + 10. What are the prime factors of n?
7
Suppose -4*y = -2*j + 38, 4*j - y = y + 94. Suppose c + j = 2*s, 5*s + c - 64 = 2*c. List the prime factors of s.
13
Let p = 38 + -27. Let w = 18 - p. List the prime factors of w.
7
Suppose -a - 15 = 7. Let z = -1 - a. List the prime factors of z.
3, 7
What are the prime factors of 28680/216 + 4/18?
7, 19
Let l(j) = j**2 - 1 + 1 - j. Suppose -4*a + o - 4 = -o, 3*a = -2*o - 17. List the prime factors of l(a).
2, 3
Let a(z) = -z**3 + 3*z**2 - 3*z + 4. Let x be a(3). List the prime factors of 2/x*(-320)/8.
2
Let d be 5 - 4 - (-1 - 1). Suppose d*w = -w + 72. What are the prime factors of w?
2, 3
Let x = -48 + 154. List the prime factors of x.
2, 53
List the prime factors of (-3 + 1)/2*-23.
23
Let w = -9 + 27. List the prime factors of 4/w - (-187)/9.
3, 7
Let y = 16 - 10. Let q = 3 - y. Let m = 8 - q. What are the prime factors of m?
11
Suppose v = 4*f - 6 + 30, 27 = 2*v - f. Suppose 4*c = c + v. List the prime factors of c.
2
Suppose 5*r = -5*w + 30, w - 3*w - 4*r + 16 = 0. Let y(u) = 1 + 8*u**3 + w*u**3 + 0*u - 2*u + 2*u**2. List the prime factors of y(1).
13
Suppose 0*k + 4*k -